(2)?
14
Let p(f) = -8*f**2 + 2884*f - 5762. Calculate p(2).
-26
Let v(x) = x**2 - 153514*x + 1535091. Determine v(10).
51
Let g(o) = o**3 - 47*o**2 + 41*o - 1435. Calculate g(45).
-3640
Let h(f) = -1330*f - 66447. Give h(-50).
53
Let j(o) = 20196*o + 121336. What is j(-6)?
160
Let j(v) = -v**3 - 51*v**2 - 344*v + 16. Determine j(-43).
16
Let g(m) = -6*m**2 + 460*m + 5970. Give g(88).
-14
Let z(l) = -6*l**3 + 1388*l**2 - 452*l - 2269. What is z(231)?
41
Let c(g) = g**2 + 152*g + 4987. Calculate c(-71).
-764
Let n(k) = -k**3 - 5*k**2 + 195*k - 685. Determine n(5).
40
Let u(v) = 2*v**3 - 7*v**2 - 7358*v + 29381. What is u(4)?
-35
Let q(z) = 264*z - 5192. Give q(27).
1936
Let h(x) = 179*x + 388. Determine h(-10).
-1402
Let q(x) = -551*x + 90384. Calculate q(164).
20
Let q(v) = -1277*v - 9170. Determine q(-7).
-231
Let s(i) = 354*i + 29. Determine s(0).
29
Let c(j) = -850*j + 170022. Give c(200).
22
Let g(h) = -h**3 + 59*h**2 - 186*h + 926. Calculate g(56).
-82
Let n(i) = -6*i**2 + 43*i + 1738. Determine n(21).
-5
Let q(y) = 8*y**3 + 79*y**2 - 615*y + 17. Calculate q(-15).
17
Let u(k) = -11852*k - 3069717. Determine u(-259).
-49
Let w(j) = -10307*j - 1578. Determine w(0).
-1578
Let i(s) = s**3 - 64*s**2 - 83*s - 3291. Determine i(66).
-57
Let g(a) = -2171*a - 3394. Calculate g(-2).
948
Let j(x) = 14*x**2 - 494*x - 556. Determine j(36).
-196
Let a(v) = -v**2 + 316*v + 5322. What is a(332)?
10
Let c(n) = 82*n**2 + 1567*n + 267. Calculate c(-20).
1727
Let d(u) = u**2 + 1050*u - 534375. Calculate d(375).
0
Let c(s) = 22*s**2 + 3519*s + 47820. Calculate c(-15).
-15
Let q(s) = -1436*s - 89003. Calculate q(-62).
29
Let m(v) = -v**3 + 86*v**2 - 1838*v - 380. Calculate m(44).
60
Let a(s) = -s**2 + 6511*s + 111031. What is a(-17)?
55
Let t(a) = -a**3 + 16*a**2 + 47*a - 608. What is t(17)?
-98
Let v(l) = 47*l**2 + 9392*l - 1481. What is v(-200)?
119
Let h(u) = 44592*u - 980907. Give h(22).
117
Let k(t) = -2*t**2 - 54*t + 8231. Calculate k(-79).
15
Let y(w) = -4637*w + 264349. Determine y(57).
40
Let y(p) = p**3 - 24*p**2 + 1045*p - 63603. Give y(39).
-33
Let j(a) = -3*a**3 - 117*a**2 + 937*a + 69. Give j(-46).
1403
Let s(q) = -2*q**2 + 104*q + 2041. Determine s(78).
-2015
Let l(o) = -o**3 - 85*o**2 + 10816*o - 5268. Determine l(-155).
2
Let m(a) = 3399*a + 288931. Calculate m(-85).
16
Let f(n) = -714*n - 10729. Give f(-15).
-19
Let i(t) = 548*t**2 + 4354*t + 286. Calculate i(-8).
526
Let l(p) = -40257*p + 5313930. Give l(132).
6
Let f(h) = -7434*h + 120371. What is f(16)?
1427
Let r(d) = -d**2 - 917*d - 8189. Determine r(-9).
-17
Let n(z) = -1470*z - 61669. What is n(-42)?
71
Let s(v) = -2*v**2 - 112*v - 452. Calculate s(-8).
316
Let s(i) = -i**3 - 869*i**2 + 505*i + 438917. Give s(-869).
72
Let j(z) = 2*z**3 - 3*z**2 - 765*z + 1852. Give j(19).
-48
Let l(x) = -9*x**3 + 102*x**2 - 198*x + 1814. Determine l(11).
-1
Let q(i) = -5633*i - 22520. What is q(-4)?
12
Let p(r) = -3*r**3 + 180*r**2 + 18*r - 1758. Calculate p(60).
-678
Let i(t) = t**3 + 10*t**2 - 294*t + 1054. Give i(-25).
-971
Let d(p) = -16283*p - 1156141. Calculate d(-71).
-48
Let h(s) = -s**3 - 85*s**2 - 742*s + 27. Give h(-75).
-573
Let h(t) = t**3 + 20*t**2 - 278*t - 5798. What is h(-16)?
-326
Let r(w) = -111827*w - 3690271. Give r(-33).
20
Let i(l) = -4994*l - 154810. What is i(-31)?
4
Let s(d) = -411*d - 85784. Calculate s(-209).
115
Let j(x) = 2*x**3 + 476*x**2 - 492*x - 2287. Calculate j(-239).
1059
Let f(j) = 49646*j - 99261. Determine f(2).
31
Let i(q) = -34*q**2 - 2954*q + 286. Determine i(-87).
-62
Let g(j) = 21*j**2 + 475*j + 1106. What is g(-20)?
6
Let t(z) = -18647*z - 6451862. What is t(-346)?
0
Let n(h) = 6*h**3 - 94*h**2 + 338*h - 4562. Calculate n(16).
1358
Let w(c) = -c**3 + 70*c**2 - 684*c + 861. Calculate w(59).
-1204
Let t(y) = -2397*y - 35971. Determine t(-15).
-16
Let c(g) = 126*g + 12516. What is c(-109)?
-1218
Let w(q) = 116886*q - 9584685. What is w(82)?
-33
Let o(d) = -2*d**3 - 1061*d**2 + 1834*d + 126609. Calculate o(-532).
-7
Let r(a) = -a**3 + 6*a**2 - 29963*a - 150083. Determine r(-5).
7
Let c(r) = -5991*r + 605080. Give c(101).
-11
Let n(k) = -k**2 - 2280*k - 462496. Give n(-225).
-121
Let y(j) = 114708*j + 114713. Give y(-1).
5
Let n(k) = 1110*k + 299629. Calculate n(-270).
-71
Let f(w) = -w**3 + 725*w**2 - 7133*w - 12158. Give f(715).
-3
Let h(d) = d**2 + 271*d - 5232. Calculate h(19).
278
Let z(m) = 192*m**2 - 11*m + 23. What is z(1)?
204
Let f(z) = z**3 + 25*z**2 + 56*z + 46. Determine f(-25).
-1354
Let o(p) = -p**3 + 15*p**2 - 708*p + 8819. Give o(13).
-47
Let x(u) = -774*u + 453539. Give x(586).
-25
Let t(v) = -727*v - 10572. Calculate t(-14).
-394
Let y(z) = -1161*z**3 + 2*z**2 + 53*z - 58. Determine y(1).
-1164
Let z(v) = -22*v**2 - 35*v + 65. What is z(-2)?
47
Let o(l) = 3*l**3 + 19*l**2 - 54*l - 283. Determine o(-7).
-3
Let w(n) = -2417*n + 128094. Determine w(53).
-7
Let x(a) = -45*a**3 - a**2 - 276*a - 835. What is x(-3)?
1199
Let x(r) = 7*r**2 + 156*r - 252. Determine x(-24).
36
Let j(g) = g**2 + 62*g - 1437. Determine j(18).
3
Let d(v) = 2513*v - 133162. Give d(53).
27
Let s(j) = j**3 + 9*j**2 + 1059*j + 8410. Calculate s(-8).
2
Let r(p) = p**3 - 9*p**2 + 117*p - 838. Give r(9).
215
Let d(c) = c**2 + 30634*c + 35123121. What is d(-1193)?
8
Let w(n) = n**2 + 381*n + 30783. Calculate w(-119).
-395
Let l(q) = -q**3 - 28*q**2 + 34*q + 1714. Give l(-27).
67
Let o(i) = -34363*i - 171851. Determine o(-5).
-36
Let j(o) = -4*o**2 + 117*o + 319. Calculate j(0).
319
Let c(s) = -9337*s - 205423. Calculate c(-22).
-9
Let l(h) = -3*h**3 + 246*h**2 - 6*h - 32. Determine l(82).
-524
Let f(t) = -2*t**2 - 213*t + 11359. Give f(39).
10
Let k(s) = -7984*s + 6195567. Calculate k(776).
-17
Let z(s) = 127060*s - 635316. Give z(5).
-16
Let y(l) = l**3 - 35*l**2 + 7082*l - 256249. What is y(36)?
-1
Let p(s) = -549*s**2 - 1125*s + 2259. What is p(2)?
-2187
Let c(k) = -k**2 - 2329*k + 1545850. What is c(539)?
-2
Let o(x) = 4*x**2 + 149*x - 4897. Give o(21).
-4
Let x(f) = -463*f**2 - 6015*f + 54. Determine x(-13).
2
Let t(g) = 564*g - 76711. What is t(136)?
-7
Let t(g) = g**3 - 152*g**2 + 372*g - 33359. Calculate t(151).
12
Let n(w) = -709*w - 165194. Calculate n(-234).
712
Let i(t) = 37*t**3 + 58*t**2 + 72*t - 298. What is i(4)?
3286
Let h(p) = 17*p**3 + 7*p**2 + 26*p - 120. Calculate h(3).
480
Let x(d) = -d**2 + 302*d - 8007. Determine x(273).
-90
Let l(r) = -3*r**3 - 105*r**2 + 161*r + 2081. Give l(-36).
173
Let c(v) = 2*v**2 - 369*v + 10333. What is c(150)?
-17
Let c(o) = 548*o + 19772. Determine c(-36).
44
Let n(p) = 78*p**2 + 910*p - 911. Determine n(1).
77
Let b(y) = -1406*y**3 + y**2 - 46*y - 46. Calculate b(-1).
1407
Let d(q) = -q**3 - 18*q**2 - 662*q - 1249. Determine d(-2).
11
Let h(p) = 6*p**2 + 2313*p - 9354. Calculate h(4).
-6
Let s(i) = 2*i**3 - 63*i**2 - 955*i + 32345. Determine s(27).
-1
Let p(g) = -g**2 - 1736*g - 74313. What is p(-44)?
135
Let r(x) = 549*x**2 + 13*x - 140. Calculate r(2).
2082
Let b(m) = 153*m**3 - m**2 + 20*m + 36. Calculate b(-2).
-1232
Let g(q) = -426*q - 15230. Calculate g(-36).
106
Let t(s) = 924*s + 46200. What is t(-50)?
0
Let l(d) = -10251*d - 3318. Give l(0).
-3318
Let y(u) = -3*u**2 - 271*u + 8302. Give y(32).
-3442
Let s(r) = -11398*r**2 - 205158*r + 104. Give s(-18).
-4
Let m(n) = -n**2 + 1013*n - 74575. Determine m(80).
65
Let g(v) = v**3 - v**2 - 17*v - 4. Calculate g(-2).
18
Let k(d) = 50*d**3 - 26*d**2 + 38*d + 33. Calculate k(2).
405
Let k(t) = 12*t**2 + 154*t - 1. Calculate k(-8).
-465
Let y(g) = g**3 + 36*g**2 - 126*g - 436. Calculate y(-37).
2857
Let u(o) = o**3 - 360*o**2 - 11517*o + 4146116. Determine u(360).
-4
Let d(n) = -452*n + 122520. Determine d(270).
480
Let w(o) = 2*o**2 + 3036*o + 45096. What is w(-15)?
6
Let o(j) = 2*j**2 - 135*j - 256. Calculate o(76).
1036
Let w(c) = c**2 + 210*c - 10728. What is w(42)?
-144
Let w(u) = 716*u + 28563. Give w(-41).
-793
Let b(u) = 15*u**2 + 1100*u - 1114. Give b(1).
1
Let a(z) = 2*z**3 + 21*z**2 - 33*z - 498. Determine a(-6).
24
Let s(v) = -7481*v - 725644. Determine s(-97).
13
Let m(p) = 3*p**2 + 64*p - 226. What is m(-28)?
334
Let w(r) = 2*r**3 + 12*r**2 - 51281*r - 256449. Calculate w(-5).
6
Let v(w) = w**3 - 38*w**2 - 30*w + 3743. What is v(35)?
-982
Let i(w) = 31*w**2 - 4